ommon divisor of 220 and 77.
11
Calculate the highest common divisor of 27 and 1953.
9
Calculate the highest common factor of 4056 and 780.
156
What is the highest common divisor of 9740 and 4?
4
What is the greatest common factor of 162 and 108?
54
What is the highest common divisor of 2256 and 12?
12
Calculate the highest common divisor of 116 and 76.
4
What is the greatest common divisor of 9 and 5679?
9
Calculate the greatest common factor of 218 and 13952.
218
What is the greatest common divisor of 18 and 603?
9
What is the greatest common factor of 2070 and 180?
90
What is the greatest common factor of 50 and 6650?
50
Calculate the highest common factor of 909 and 10403.
101
Calculate the highest common factor of 754 and 116.
58
What is the highest common factor of 177 and 6667?
59
Calculate the highest common factor of 7 and 6132.
7
Calculate the highest common factor of 21 and 77.
7
What is the greatest common divisor of 145 and 58?
29
Calculate the highest common factor of 27 and 153.
9
What is the greatest common factor of 20 and 12610?
10
Calculate the highest common factor of 1920 and 30.
30
Calculate the greatest common factor of 92 and 69.
23
Calculate the greatest common factor of 40 and 180.
20
What is the highest common divisor of 6048 and 324?
108
What is the greatest common divisor of 7336 and 56?
56
What is the greatest common divisor of 48 and 69?
3
What is the greatest common factor of 17641 and 897?
299
Calculate the highest common divisor of 35 and 16205.
35
What is the greatest common factor of 164 and 12?
4
Calculate the greatest common divisor of 30 and 25245.
15
Calculate the greatest common factor of 943 and 287.
41
What is the highest common factor of 656 and 1025?
41
What is the greatest common factor of 1017 and 18?
9
Calculate the greatest common factor of 414 and 1058.
46
What is the greatest common factor of 5 and 186?
1
What is the greatest common divisor of 42 and 987?
21
What is the greatest common divisor of 2045 and 10?
5
What is the greatest common factor of 588 and 434?
14
What is the highest common factor of 22 and 154?
22
Calculate the highest common factor of 26 and 117.
13
Calculate the greatest common divisor of 2331 and 1295.
259
Calculate the highest common factor of 78 and 6474.
78
What is the highest common divisor of 253 and 22?
11
What is the greatest common divisor of 23 and 1472?
23
What is the greatest common factor of 216 and 840?
24
What is the greatest common divisor of 4505 and 170?
85
Calculate the greatest common factor of 240 and 2280.
120
What is the highest common factor of 75 and 15?
15
What is the greatest common factor of 384 and 78?
6
Calculate the greatest common factor of 34 and 20.
2
What is the greatest common divisor of 175 and 250?
25
What is the highest common factor of 15 and 1440?
15
Calculate the highest common factor of 126 and 154.
14
Calculate the greatest common divisor of 9266 and 164.
82
Calculate the highest common divisor of 58 and 29.
29
What is the highest common factor of 1118 and 172?
86
What is the greatest common factor of 12 and 52?
4
Calculate the highest common divisor of 26 and 1027.
13
What is the highest common divisor of 94 and 235?
47
Calculate the highest common factor of 149 and 93125.
149
Calculate the highest common divisor of 2392 and 9269.
299
Calculate the highest common factor of 416 and 234.
26
Calculate the greatest common factor of 44 and 44.
44
What is the highest common factor of 10332 and 84?
84
Calculate the highest common factor of 27 and 45.
9
What is the highest common divisor of 3796 and 2336?
292
What is the greatest common factor of 3975 and 615?
15
Calculate the highest common factor of 49 and 21070.
49
Calculate the greatest common divisor of 94 and 23641.
47
Calculate the highest common divisor of 4141 and 82.
41
What is the greatest common factor of 1813 and 98?
49
Calculate the highest common divisor of 1060 and 80.
20
What is the highest common factor of 13 and 32825?
13
What is the greatest common divisor of 273 and 735?
21
Calculate the greatest common divisor of 1842 and 5.
1
What is the highest common divisor of 1344 and 32?
32
What is the greatest common divisor of 54 and 135?
27
Calculate the greatest common factor of 8 and 776.
8
What is the highest common factor of 9434 and 53?
53
Calculate the highest common factor of 28 and 8.
4
What is the highest common factor of 182 and 26?
26
What is the highest common divisor of 18 and 444?
6
Calculate the greatest common divisor of 136 and 4420.
68
What is the highest common factor of 88 and 72?
8
Calculate the greatest common divisor of 8 and 200.
8
What is the highest common divisor of 945 and 42?
21
What is the greatest common factor of 126 and 1050?
42
Calculate the highest common factor of 18 and 210.
6
What is the highest common factor of 652 and 2119?
163
What is the highest common factor of 16 and 170?
2
Calculate the highest common divisor of 12 and 69.
3
What is the highest common divisor of 7 and 11207?
7
Calculate the greatest common divisor of 52 and 2977.
13
What is the highest common divisor of 76 and 2964?
76
Calculate the greatest common divisor of 372 and 3100.
124
What is the greatest common factor of 42 and 6?
6
Calculate the greatest common factor of 12 and 204.
12
Calculate the greatest common factor of 27 and 12069.
27
Calculate the highest common factor of 2233 and 77.
77
What is the highest common factor of 576 and 8?
8
Calculate the greatest common divisor of 32 and 112.
16
Calculate the greatest common divisor of 41239 and 253.
253
Calculate the greatest common factor of 19 and 8417.
19
What is the highest common divisor of 20 and 116?
4
Calculate the highest common divisor of 82 and 2.
2
What is the highest common divisor of 1054 and 34?
34
Calculate the greatest common factor of 8 and 2096.
8
Calculate the greatest common divisor of 2880 and 96.
96
What is the greatest common factor of 2 and 146?
2
Calculate the highest common divisor of 1040 and 455.
65
What is the highest common divisor of 27 and 792?
9
Calculate the greatest common factor of 1724 and 20.
4
Calculate the highest common divisor of 330 and 750.
30
Calculate the greatest common factor of 260 and 104.
52
What is the greatest common divisor of 441 and 98?
49
Calculate the greatest common divisor of 100 and 6860.
20
What is the highest common factor of 11 and 110?
11
What is the highest common divisor of 273 and 105?
21
What is the highest common factor of 78 and 1014?
78
What is the greatest common factor of 328 and 48?
8
What is the highest common divisor of 150 and 110?
10
Calculate the highest common divisor of 4378 and 11.
11
What is the greatest common divisor of 7383 and 856?
107
What is the greatest common factor of 3973 and 1507?
137
What is the greatest common factor of 35 and 10920?
35
Calculate the highest common factor of 5254 and 111.
37
What is the highest common divisor of 6 and 12?
6
Calculate the highest common factor of 4960 and 2080.
160
What is the greatest common divisor of 1380 and 15?
15
Calculate the highest common factor of 1622 and 38.
2
What is the greatest common divisor of 1375 and 750?
125
What is the greatest common divisor of 81 and 14742?
81
Calculate the highest common divisor of 320 and 55.
5
What is the highest common factor of 4150 and 50?
50
What is the highest common divisor of 104 and 6084?
52
What is the highest common divisor of 444 and 12?
12
Calculate the greatest common divisor of 72 and 384.
24
What is the greatest common factor of 18 and 114?
6
Calculate the highest common divisor of 4699 and 37.
37
What is the greatest common factor of 9255 and 30?
15
What is the highest common divisor of 114 and 1182?
6
What is the greatest common factor of 75 and 1025?
25
Calculate the highest common factor of 594 and 209.
11
Calculate the highest common divisor of 105 and 147.
21
What is the greatest common divisor of 27724 and 58?
58
Calculate the highest common factor of 32 and 208.
16
What is the highest common factor of 630 and 378?
126
Calculate the greatest common divisor of 34 and 2.
2
Calculate the greatest common divisor of 550 and 374.
22
Calculate the greatest common divisor of 12110 and 70.
70
Calculate the greatest common div